rs of (-2)/5 - 889/(-35).
5
Let w(x) = -x**3 + 7*x**2 + 9*x - 9. Let q be w(8). What are the prime factors of (q/(-2))/((-4)/(-112))?
2, 7
Suppose 44*t = 48*t - 96. List the prime factors of t.
2, 3
Let n = 139 + -72. What are the prime factors of n?
67
Suppose 0 = 19*x - 10*x - 1467. List the prime factors of x.
163
Suppose -4*h + 3*h = -92. What are the prime factors of h?
2, 23
Let h(g) = -11*g + 7. Let y(s) = s + 1. Let p(r) = -h(r) + 6*y(r). List the prime factors of p(2).
3, 11
Let o(r) = -r**3 + r**2 + 4. Let g be o(0). Suppose -2*a - 154 = -2*f, g*f + 0*a = 3*a + 306. Suppose -3*n - f = -8*n. What are the prime factors of n?
3, 5
Let y(k) = -2*k + 1. Let p be y(-4). List the prime factors of 2 + -2 - (3 - p).
2, 3
Suppose -2*a - 3 + 1 = 3*b, 5*a - b - 29 = 0. Suppose 0 = o - 16 - a. List the prime factors of o.
3, 7
Let m = 7 + -4. Suppose -4*j - 5*d + 60 = 0, -5*d - 80 = -6*j + m*j. What are the prime factors of j?
2, 5
List the prime factors of -3 + 0 + (3 - -36).
2, 3
Let k(g) = g**2 - 3*g - 9. Let d(z) = z**2 + 5*z - 3. Let u be d(-4). Let i be k(u). Suppose 2*b = -o + 20, -b = 5*o - 3 - i. What are the prime factors of o?
2, 3
Suppose 72 = -2*y - z, 2*y + 13 = 5*z - 47. List the prime factors of (-1975)/y + (-9)/21.
2, 7
Let f = -257 - -436. List the prime factors of f.
179
Suppose z = -3 + 6. Suppose 0 = m, -z*m - 14 + 6 = -i. What are the prime factors of i?
2
Suppose 0 = -3*l - 21 + 3. Let b(g) be the second derivative of g**5/20 + g**4/2 - g**3/3 + g**2 + g. What are the prime factors of b(l)?
2, 7
Suppose y = -2*y - 9. Let b be -2 + 2 + y/(-3). List the prime factors of -13*(0 - (b + 0)).
13
Let p(f) = -5*f - 5. Suppose d = 4*b + 16, 4*d + 3*b + 22 = -9. What are the prime factors of p(d)?
3, 5
Suppose -16 = 2*g + 2*g. Let c be 2/3 + 38/6. Let h = g + c. List the prime factors of h.
3
Let s be 1*3*(-24)/9. List the prime factors of s/(-12)*(-33)/(-2).
11
Let n(a) = a**2 + 8*a - 11. List the prime factors of n(6).
73
Suppose w + 24 = -0*w + 5*b, 5*w - 2*b + 5 = 0. Let r(t) = 5*t**3 + t. Let h be r(1). Let g = h - w. What are the prime factors of g?
5
Suppose -5*b - 3*z + 54 = 0, 2*b + 3*z - 12 = 6. Let q = b - 7. Suppose 0 = -q*p - w + 74, 3*p - p - 32 = 2*w. List the prime factors of p.
3, 5
Let t = -20 + 52. What are the prime factors of t?
2
Let h = -199 - -126. Let y = -49 - h. Suppose w - y = -3*w. What are the prime factors of w?
2, 3
Suppose 2*s = -3*s + 55. List the prime factors of (-390)/(-33) - (-2)/s.
2, 3
Let n(a) = -a**3 + a. Let t(f) = -15*f**3 - f**2 + 3*f. Let p(c) = 4*n(c) - t(c). Let x be p(-1). Let j = x + 21. What are the prime factors of j?
2, 5
Let v(a) = 7*a - 3 + 2 - 4 + a**2. List the prime factors of v(-9).
13
Let w be 0*(-2)/4 + 120. Suppose 2*n - w = -n. Suppose -n = -3*i + 2*z, 3*i + i = -3*z + 25. List the prime factors of i.
2, 5
Let d(o) = 3*o**2 + 3*o - 3. Let w be (4/6)/(16/(-72)). List the prime factors of d(w).
3, 5
Let b be 2 + (-1 - 1 - -31). Let m = -22 + b. What are the prime factors of m?
3
Let r = -61 + 178. List the prime factors of 1/2 - r/(-6).
2, 5
Suppose -5*b + 311 = 71. List the prime factors of 2/2*b/4.
2, 3
Let g = -33 + 61. Suppose -x + 4*l = 6, g = 3*x - 4*l + 6. List the prime factors of x.
2, 7
Suppose 3*o - o - 8 = 0. Suppose -l = -5*l - y + 188, o*l - 188 = 4*y. Suppose 5*q + l = 3*t, -11 = -t + 5*q + 18. List the prime factors of t.
3
Let u = 6 - -31. What are the prime factors of u?
37
Let f = 8 + -14. What are the prime factors of (-20)/f*30/4?
5
Let v = -4 - 6. Let f = -5 - v. Suppose 5*c = -5, f*x + 3*c = c + 83. What are the prime factors of x?
17
Let p(l) = 0*l + 0*l + 2*l - l. What are the prime factors of p(3)?
3
Let t be 2 + -2*(-2 - -3). Let h(q) = -q - 1. Let z be h(t). Let a(j) = 14*j**2 - j - 1. List the prime factors of a(z).
2, 7
Suppose 2*o + 1 = 5. Let t be 0 + (0 - -2 - 0). What are the prime factors of (-18)/(-2)*o/t?
3
Suppose -8*w = -4*w + 8. What are the prime factors of (-46)/w*2/2?
23
Let c be (-1)/(-4) - (-5)/(-4). Suppose 2*j - 8 = 3*o, 0 = 3*j - 4*o + o - 9. Let h = j - c. What are the prime factors of h?
2
Let a(d) = 2*d**3 - 6*d**2 + 7*d - 4. Let q(c) = 2*c**3 - 7*c**2 + 8*c - 5. Let b(w) = -7*a(w) + 6*q(w). List the prime factors of b(-2).
2
Let l(z) be the second derivative of 2*z**3 - 3*z**3 - z**3 + z. List the prime factors of l(-1).
2, 3
Let h(o) = 5 - o**2 + 0*o**2 + 3 - o + 6. What are the prime factors of h(0)?
2, 7
Let m(r) = -2 - 5*r - 2 + 5*r**3 + 2 - 2*r**2 + 0*r**3. Let a(g) = -11*g**3 + 5*g**2 + 11*g + 5. Let k(w) = 6*a(w) + 13*m(w). List the prime factors of k(4).
2
Let b = 2 - 3. Let k be (-1)/(b/(-17)) - -2. Let s = k + 25. List the prime factors of s.
2, 5
Let d(k) = k**3 - 8*k**2 + 6*k + 10. Suppose 2*c - 3 = 11. Let g be d(c). Suppose 5 = w + g. List the prime factors of w.
2
Let y be 1*7 + 4 + -2. Let j = 34 - 18. Let d = j - y. What are the prime factors of d?
7
Suppose 88 = 4*a - 200. What are the prime factors of a?
2, 3
Suppose -12 = -4*l - 5*b + 43, 0 = -l + 4*b - 2. What are the prime factors of l?
2, 5
Suppose 19 + 57 = z. List the prime factors of z.
2, 19
Suppose -3 - 5 = -4*l. Suppose -3*h + l*i = h - 54, 1 = -i. Let p = h + -7. List the prime factors of p.
2, 3
Let f = -31 + 21. Let s be (48/f)/(3/(-20)). What are the prime factors of (s/(-20))/(2/(-10))?
2
Let q(a) = -a**2 + 8*a + 9. Let s be q(9). Suppose s = -3*h + 9 + 60. List the prime factors of h.
23
Suppose 0*b - 14 = -2*b. Let h = b - 3. Suppose 4*q - 2*z - 26 = 2*q, 5*q - h*z = 63. List the prime factors of q.
11
Suppose 0 = -2*v - 2*u - u + 13, 4*v = 4*u - 4. Suppose 2*t - l = -3*l + 26, -v*t + 4*l = -2. What are the prime factors of t?
3
Let w be ((-3)/(-2))/(9/24). Suppose -o - 4*p = -23, 19 - 2 = -o + w*p. Suppose 0 = -f + 2*f - o*x - 4, 5*x - 8 = -2*f. What are the prime factors of f?
2
Let o(k) = -k**3 - 4*k**2 + 2*k + 4. Let m be o(-4). Let a(x) = x**2 + 4*x + 2. Let w be a(m). Suppose -w*g + 16 = 4. What are the prime factors of g?
2, 3
Suppose -5*r - 22 = -3*r. Let h be (-1)/((-1)/(-2)) - r. Suppose 0*m = -m + h. List the prime factors of m.
3
Suppose -d + 9 = -0. Suppose -4*x + 3 = n, -3*n - 5*x = -3*x - d. Suppose 2*v + 0*v - 31 = -3*w, -5*v - n = -4*w. List the prime factors of w.
7
What are the prime factors of (-5)/((-20)/(-74))*-2?
37
Suppose 0*o + 57 = 3*o + h, h + 103 = 5*o. List the prime factors of o.
2, 5
Let w(c) = -c**3 - 12*c**2 + 16. Let j be w(-12). What are the prime factors of 96/j*(-30)/(-4)?
3, 5
Let u(p) = p**2 + 4*p + 3. Let c be u(-5). Suppose 2*m - 5*g + 3 = 0, -3*g + 5 = 2*m - 0*g. Let f = c - m. What are the prime factors of f?
7
Suppose 0 = 4*s - 145 + 25. What are the prime factors of s?
2, 3, 5
Let j be (-2)/((-2)/(-2)) - 1. Let i = 80 + -88. Let v = j - i. What are the prime factors of v?
5
What are the prime factors of -21*(21/(-9))/1 + 0?
7
Suppose -2*b + 51 = 4*z - 31, 10 = -2*b. List the prime factors of z.
23
Let x be (50/3)/(4/(-30)). List the prime factors of x/(-20) + (-1)/4.
2, 3
Let f be 13 - 1 - (0 - 0). Let b = 26 + f. List the prime factors of b.
2, 19
Let z(r) = r**3 + 16*r**2 + 13*r + 17. List the prime factors of z(-15).
47
Let v be -25*3*(-12)/45. Suppose -2*z + 73 = 5*w - 0*w, z = 3*w + v. List the prime factors of z.
29
Let x = 0 + 4. Let b be ((-6)/x)/((-9)/48). Let z = 3 + b. What are the prime factors of z?
11
Suppose 3*n - 17 = -r - n, 2*n - 21 = -3*r. Suppose -g = -5*c + 148, -4*g - g = r*c - 160. List the prime factors of c.
2, 3, 5
Suppose -446 = -3*j + n, n = -3*n + 16. What are the prime factors of j?
2, 3, 5
Let w(b) be the first derivative of 3*b**2/2 + 1. What are the prime factors of w(4)?
2, 3
Suppose 0 = -3*y - 0*y + 9. List the prime factors of y.
3
Suppose 3*t - 5*p = -52, -3*t - 8 = -t + 2*p. Let s = t + 11. Suppose 2*c - s*n - 22 = 2*n, -n = 5*c - 33. What are the prime factors of c?
7
Let c(z) = z + 12. Let j be c(-10). Suppose j*n + 0 = 4. Suppose -n*a + 0*a = -24. List the prime factors of a.
2, 3
Let k = 17 - 11. Let t be 2/6 + 16/k. Suppose 2*j + 3 = t*j. What are the prime factors of j?
3
Let w(c) = -c**2 - c + 3. Let b be w(4). Let l = 5 - b. List the prime factors of l.
2, 11
Let g(s) = s + 1. Let z be g(2). Suppose -z*t = -4*t + 3, -5*r = 2*t - 31. Suppose 0 